{"id":1169,"date":"2021-04-27T11:14:51","date_gmt":"2021-04-27T11:14:51","guid":{"rendered":"https:\/\/arla.org.pt\/site\/?page_id=1169"},"modified":"2024-04-16T11:44:19","modified_gmt":"2024-04-16T11:44:19","slug":"estacao-portatil-qo-100","status":"publish","type":"page","link":"https:\/\/www.cs5arla.pt\/site\/estacao-portatil-qo-100\/","title":{"rendered":"Esta\u00e7\u00e3o Port\u00e1til QO-100"},"content":{"rendered":"\n<h2 class=\"wp-block-heading\">Es\u2019hail 2 \/\u00a0QO-100<\/h2>\n\n\n\n<p><strong>Esta\u00e7\u00e3o Port\u00e1til QO-100<\/strong><br><em>por Miguel Pelicano, CT1BYM (associado n\u00fam. 71)<\/em><\/p>\n\n\n\n<p>Apresenta\u00e7\u00e3o realizada no evento Debates Hertzianos 2021, provomido pela REP &#8211; Rede dos Emissores Portugueses<\/p>\n\n\n\n<p><em>Integrado nas comemora\u00e7\u00f5es do Dia Mundial do Radioamador, a REP \u2013 Rede dos Emissores Portugueses organizou este evento aberto a todos os entusiastas das Radio-Comunica\u00e7\u00f5es , sejam eles Radioamadores, R\u00e1dio-Operadores de CB ou PMR446 ou escutas (SWL), que devido \u00e0 situa\u00e7\u00e3o que vivemos teve de ser no modo virtual numa sala Zoom.<\/em><\/p>\n\n\n\n<p><a href=\"https:\/\/drive.google.com\/file\/d\/133cUjunsrQGGmio5C4vQchT1Phh52MnH\/view?usp=sharing\">https:\/\/drive.google.com\/file\/d\/133cUjunsrQGGmio5C4vQchT1Phh52MnH\/view?usp=sharing<\/a><\/p>\n","protected":false},"excerpt":{"rendered":"<p>Es\u2019hail 2 \/\u00a0QO-100 Esta\u00e7\u00e3o Port\u00e1til QO-100por Miguel Pelicano, CT1BYM (associado n\u00fam. 71) Apresenta\u00e7\u00e3o realizada no evento Debates Hertzianos 2021, provomido pela REP &#8211; Rede dos Emissores Portugueses Integrado nas comemora\u00e7\u00f5es do Dia Mundial do Radioamador, a REP \u2013 Rede dos Emissores Portugueses organizou este evento aberto a todos os entusiastas &hellip;<\/p>\n","protected":false},"author":1,"featured_media":0,"parent":0,"menu_order":2,"comment_status":"closed","ping_status":"closed","template":"","meta":{"footnotes":""},"class_list":["post-1169","page","type-page","status-publish","hentry"],"_links":{"self":[{"href":"https:\/\/www.cs5arla.pt\/site\/wp-json\/wp\/v2\/pages\/1169","targetHints":{"allow":["GET"]}}],"collection":[{"href":"https:\/\/www.cs5arla.pt\/site\/wp-json\/wp\/v2\/pages"}],"about":[{"href":"https:\/\/www.cs5arla.pt\/site\/wp-json\/wp\/v2\/types\/page"}],"author":[{"embeddable":true,"href":"https:\/\/www.cs5arla.pt\/site\/wp-json\/wp\/v2\/users\/1"}],"replies":[{"embeddable":true,"href":"https:\/\/www.cs5arla.pt\/site\/wp-json\/wp\/v2\/comments?post=1169"}],"version-history":[{"count":1,"href":"https:\/\/www.cs5arla.pt\/site\/wp-json\/wp\/v2\/pages\/1169\/revisions"}],"predecessor-version":[{"id":1171,"href":"https:\/\/www.cs5arla.pt\/site\/wp-json\/wp\/v2\/pages\/1169\/revisions\/1171"}],"wp:attachment":[{"href":"https:\/\/www.cs5arla.pt\/site\/wp-json\/wp\/v2\/media?parent=1169"}],"curies":[{"name":"wp","href":"https:\/\/api.w.org\/{rel}","templated":true}]}}

Estação Portátil QO-100

<h2 class="wp-block-heading">Es’hail 2 / QO-100</h2>



<p><strong>Estação Portátil QO-100</strong><br><em>por Miguel Pelicano, CT1BYM (associado núm. 71)</em></p>



<p>Apresentação realizada no evento Debates Hertzianos 2021, provomido pela REP &#8211; Rede dos Emissores Portugueses</p>



<p><em>Integrado nas comemorações do Dia Mundial do Radioamador, a REP – Rede dos Emissores Portugueses organizou este evento aberto a todos os entusiastas das Radio-Comunicações , sejam eles Radioamadores, Rádio-Operadores de CB ou PMR446 ou escutas (SWL), que devido à situação que vivemos teve de ser no modo virtual numa sala Zoom.</em></p>



<p><a href="https://drive.google.com/file/d/133cUjunsrQGGmio5C4vQchT1Phh52MnH/view?usp=sharing">https://drive.google.com/file/d/133cUjunsrQGGmio5C4vQchT1Phh52MnH/view?usp=sharing</a></p>

<p>Es’hail 2 / QO-100 Estação Portátil QO-100por Miguel Pelicano, CT1BYM (associado núm. 71) Apresentação realizada no evento Debates Hertzianos 2021, provomido pela REP &#8211; Rede dos Emissores Portugueses Integrado nas comemorações do Dia Mundial do Radioamador, a REP – Rede dos Emissores Portugueses organizou este evento aberto a todos os entusiastas &hellip;</p>
