{"id":161,"date":"2017-07-11T14:05:43","date_gmt":"2017-07-11T14:05:43","guid":{"rendered":"https:\/\/cs5arla.com\/site\/?page_id=161"},"modified":"2024-04-16T11:42:46","modified_gmt":"2024-04-16T11:42:46","slug":"orgaos-sociais","status":"publish","type":"page","link":"https:\/\/www.cs5arla.pt\/site\/orgaos-sociais\/","title":{"rendered":"\u00d3rg\u00e3os Sociais"},"content":{"rendered":"<p>Ano 2022-2023<\/p>\n<p><strong>Assembleia Geral<\/strong><br \/>\nA composi\u00e7\u00e3o dos \u00d3rg\u00e3os Sociais atuais, ap\u00f3s a altera\u00e7\u00e3o ocorrida a 26\/03\/2022 ser\u00e1 a seguinte:<\/p>\n<p><strong>Mesa da Assembleia-geral da Associa\u00e7\u00e3o de Radioamadores do Litoral Alentejano:<\/strong><br \/>\nPresidente \u2013 Miguel Andrade (CT1ETL), associado n.\u00ba 5;<br \/>\nVice-Presidente \u2013 Jorge Guimar\u00e3es (CT1FKF), associado n.\u00ba 44;<br \/>\nSecret\u00e1rio \u2013 Jo\u00e3o Pires (CT1EYQ), associado n.\u00ba 2.<\/p>\n<p><strong>Dire\u00e7\u00e3o da Associa\u00e7\u00e3o de Radioamadores do Litoral Alentejano:<\/strong><br \/>\nPresidente \u2013 Carlos Mourato (CT4RK), associado n.\u00ba 34;<br \/>\nVice-Presidente \u2013 S\u00e9rgio Matias (CT1HMN), associado n.\u00ba21;<br \/>\nSecret\u00e1rio-Geral \u2013 Paulo Martins (CS7AGH), associado n.\u00ba 100;<br \/>\nTesoureiro \u2013 Ant\u00f3nio Vilela (CT7ASZ), associado n.\u00ba 87;<br \/>\nVogal \u2013 Jorge Santos (CT1CVT), associado n.\u00ba 107.<\/p>\n<p><strong>Conselho Fiscal da Associa\u00e7\u00e3o de Radioamadores do Litoral Alentejano:<\/strong><br \/>\nPresidente \u2013 Jo\u00e3o L\u00e1zaro (CT2GQL), associado n.\u00ba 14;<br \/>\nSecret\u00e1rio \u2013 Fernando Pereira (CT2GXB), associado n.\u00ba 11;<br \/>\nRelator \u2013 Jo\u00e3o Pastorinho (CS7AMP), associado n.\u00ba 108.<\/p>\n","protected":false},"excerpt":{"rendered":"<p>Ano 2022-2023 Assembleia Geral A composi\u00e7\u00e3o dos \u00d3rg\u00e3os Sociais atuais, ap\u00f3s a altera\u00e7\u00e3o ocorrida a 26\/03\/2022 ser\u00e1 a seguinte: Mesa da Assembleia-geral da Associa\u00e7\u00e3o de Radioamadores do Litoral Alentejano: Presidente \u2013 Miguel Andrade (CT1ETL), associado n.\u00ba 5; Vice-Presidente \u2013 Jorge Guimar\u00e3es (CT1FKF), associado n.\u00ba 44; Secret\u00e1rio \u2013 Jo\u00e3o Pires (CT1EYQ), &hellip;<\/p>\n","protected":false},"author":1,"featured_media":0,"parent":0,"menu_order":4,"comment_status":"closed","ping_status":"closed","template":"","meta":{"footnotes":""},"class_list":["post-161","page","type-page","status-publish","hentry"],"_links":{"self":[{"href":"https:\/\/www.cs5arla.pt\/site\/wp-json\/wp\/v2\/pages\/161","targetHints":{"allow":["GET"]}}],"collection":[{"href":"https:\/\/www.cs5arla.pt\/site\/wp-json\/wp\/v2\/pages"}],"about":[{"href":"https:\/\/www.cs5arla.pt\/site\/wp-json\/wp\/v2\/types\/page"}],"author":[{"embeddable":true,"href":"https:\/\/www.cs5arla.pt\/site\/wp-json\/wp\/v2\/users\/1"}],"replies":[{"embeddable":true,"href":"https:\/\/www.cs5arla.pt\/site\/wp-json\/wp\/v2\/comments?post=161"}],"version-history":[{"count":19,"href":"https:\/\/www.cs5arla.pt\/site\/wp-json\/wp\/v2\/pages\/161\/revisions"}],"predecessor-version":[{"id":1261,"href":"https:\/\/www.cs5arla.pt\/site\/wp-json\/wp\/v2\/pages\/161\/revisions\/1261"}],"wp:attachment":[{"href":"https:\/\/www.cs5arla.pt\/site\/wp-json\/wp\/v2\/media?parent=161"}],"curies":[{"name":"wp","href":"https:\/\/api.w.org\/{rel}","templated":true}]}}

Órgãos Sociais

<p>Ano 2022-2023</p>
<p><strong>Assembleia Geral</strong><br />
A composição dos Órgãos Sociais atuais, após a alteração ocorrida a 26/03/2022 será a seguinte:</p>
<p><strong>Mesa da Assembleia-geral da Associação de Radioamadores do Litoral Alentejano:</strong><br />
Presidente – Miguel Andrade (CT1ETL), associado n.º 5;<br />
Vice-Presidente – Jorge Guimarães (CT1FKF), associado n.º 44;<br />
Secretário – João Pires (CT1EYQ), associado n.º 2.</p>
<p><strong>Direção da Associação de Radioamadores do Litoral Alentejano:</strong><br />
Presidente – Carlos Mourato (CT4RK), associado n.º 34;<br />
Vice-Presidente – Sérgio Matias (CT1HMN), associado n.º21;<br />
Secretário-Geral – Paulo Martins (CS7AGH), associado n.º 100;<br />
Tesoureiro – António Vilela (CT7ASZ), associado n.º 87;<br />
Vogal – Jorge Santos (CT1CVT), associado n.º 107.</p>
<p><strong>Conselho Fiscal da Associação de Radioamadores do Litoral Alentejano:</strong><br />
Presidente – João Lázaro (CT2GQL), associado n.º 14;<br />
Secretário – Fernando Pereira (CT2GXB), associado n.º 11;<br />
Relator – João Pastorinho (CS7AMP), associado n.º 108.</p>

<p>Ano 2022-2023 Assembleia Geral A composição dos Órgãos Sociais atuais, após a alteração ocorrida a 26/03/2022 será a seguinte: Mesa da Assembleia-geral da Associação de Radioamadores do Litoral Alentejano: Presidente – Miguel Andrade (CT1ETL), associado n.º 5; Vice-Presidente – Jorge Guimarães (CT1FKF), associado n.º 44; Secretário – João Pires (CT1EYQ), &hellip;</p>
