{"id":946,"date":"2019-04-09T09:34:39","date_gmt":"2019-04-09T09:34:39","guid":{"rendered":"https:\/\/arla.org.pt\/site\/?page_id=946"},"modified":"2024-04-16T11:44:22","modified_gmt":"2024-04-16T11:44:22","slug":"qo-100_1","status":"publish","type":"page","link":"https:\/\/www.cs5arla.pt\/site\/qo-100_1\/","title":{"rendered":"Sat\u00e9lite QO-100 (1)"},"content":{"rendered":"<h1 class=\"entry-title\">Es\u2019hail 2 \/&nbsp;QO-100<\/h1>\n<p><strong>Como receber o OSCAR 100<\/strong><br \/>\n<em>por Miguel Pelicano, CT1BYM (associado n\u00fam. 71)<\/em><\/p>\n<p>Alguns colegas t\u00eam-me perguntado como \u00e9 que se consegue receber o novo sat\u00e9lite geoestacion\u00e1rio, QO-100.<\/p>\n<p>Vou dar algumas dicas, descrevendo aquilo que eu fiz, havendo, como \u00e9 evidente, v\u00e1rias maneiras de conseguir.<\/p>\n<p>A primeira dificuldade \u00e9 descobrir em que dire\u00e7\u00e3o apontar. Um site que nos d\u00e1 um resultado bastante intuitivo \u00e9 o site&nbsp;<a href=\"http:\/\/www.dishpointer.com\/\">www.dishpointer.com<\/a><\/p>\n<p><img decoding=\"async\" src=\"..\/..\/..\/wp-content\/uploads\/qo100_1_1.jpg\" alt=\"qo100_1_1\"><\/p>\n<p>O funcionamento \u00e9 simples: escolher o sat\u00e9lite, que no nosso caso \u00e9 o Arabsat 5 (posi\u00e7\u00e3o orbital 26\u00baE), colocar as nossas coordenadas e, no mapa, vemos imediatamente a dire\u00e7\u00e3o e em rodap\u00e9&nbsp;outros dados. Se arrastarmos o marker para o local exato da instala\u00e7\u00e3o, podemos usar como refer\u00eancia outros edif\u00edcios ou o&nbsp;relevo para apontar a antena. A&nbsp;eleva\u00e7\u00e3o e o skew tamb\u00e9m est\u00e3o indicados. O skew \u00e9 a tor\u00e7\u00e3o do LNB relativamente \u00e0 vertical.<\/p>\n<p>O setup mais b\u00e1sico que usei foi este:<\/p>\n<p><img decoding=\"async\" src=\"..\/..\/..\/wp-content\/uploads\/qo100_1_2.jpg\" alt=\"qo100_1_2\"><\/p>\n<p>O LNB \u00e9 alimentado com 13V atrav\u00e9s do cabo coaxial e um injector DC. Este LNB tem um PLL e, tendo alguma estabilidade, d\u00e1 para ganhar experi\u00eancia. O custo abaixo dos 7\u20ac tamb\u00e9m ajuda&#8230;<\/p>\n<p>O sinal que vem&nbsp;do LNB \u00e9 injetado num SDR que sintoniza as frequ\u00eancias que resultam da mistura dos sinais de 10GHz com o oscilador local (LO) que dever\u00e1 estar perto de 9,750GHz. Eu disse perto, porque na vida real o LO pode estar algo afastado&#8230;<\/p>\n<p>Fazendo contas, a frequ\u00eancia do beacon do sat\u00e9lite est\u00e1 em 10489.550MHz, misturado com o LO em 9750MHz resulta na frequ\u00eancia de 739,550MHz e \u00e9 esta que temos que receber no SDR.<\/p>\n<p><img decoding=\"async\" src=\"..\/..\/..\/wp-content\/uploads\/qo100_1_3.jpg\" alt=\"qo100_1_3\"><\/p>\n<p>No in\u00edcio usei uma parab\u00f3lica com 40cm de di\u00e2metro. Quanto maior, mais ganho, mais diretiva e mais cr\u00edtica para apontar!<\/p>\n<p><img decoding=\"async\" src=\"..\/..\/..\/wp-content\/uploads\/qo100_1_4.jpg\" alt=\"qo100_1_4\"><\/p>\n<p>O sat\u00e9lite tem dois transponders: um Narrow Band (NB):<\/p>\n<p><img decoding=\"async\" src=\"..\/..\/..\/wp-content\/uploads\/qo100_1_5.png\" alt=\"qo100_1_5\"><\/p>\n<p>e outro Wide Band (WB):<\/p>\n<p><img decoding=\"async\" src=\"..\/..\/..\/wp-content\/uploads\/qo100_1_6.png\" alt=\"qo100_1_6\"><\/p>\n<p>O NB (comunica\u00e7\u00f5es em CW, SSB, etc) \u00e9 recebido em polariza\u00e7\u00e3o vertical (ajustada com o skew).<\/p>\n<p><img decoding=\"async\" src=\"..\/..\/..\/wp-content\/uploads\/qo100_1_7.jpg\" alt=\"qo100_1_7\"><\/p>\n<p>O WB (DATV, etc&#8230;) vem em polariza\u00e7\u00e3o horizontal, tendo o LNB que ser rodado 90\u00ba, mantendo a tens\u00e3o de alimenta\u00e7\u00e3o.<\/p>\n<p><img decoding=\"async\" src=\"..\/..\/..\/wp-content\/uploads\/qo100_1_8.jpg\" alt=\"qo100_1_8\"><\/p>\n<p>O WB transponder \u00e9 recebido da mesma maneira, mas para descodificar os sinais de DATV \u00e9 necess\u00e1rio um sistema adequado. Podem ver um sinal de DATV recebido na frequ\u00eancia em torno de 10489,750MHz, utilizando o mesmo hardware:<\/p>\n<p><img decoding=\"async\" src=\"..\/..\/..\/wp-content\/uploads\/qo100_1_9.jpg\" alt=\"qo100_1_9\"><\/p>\n<p>&nbsp;<\/p>\n<p>Bons testes e at\u00e9 j\u00e1 no Oscar 100!!<\/p>\n<p>Autor: Miguel Pelicano, CT1BYM (associado n\u00fam. 71)<\/p>\n","protected":false},"excerpt":{"rendered":"<p>Es\u2019hail 2 \/&nbsp;QO-100 Como receber o OSCAR 100 por Miguel Pelicano, CT1BYM (associado n\u00fam. 71) Alguns colegas t\u00eam-me perguntado como \u00e9 que se consegue receber o novo sat\u00e9lite geoestacion\u00e1rio, QO-100. Vou dar algumas dicas, descrevendo aquilo que eu fiz, havendo, como \u00e9 evidente, v\u00e1rias maneiras de conseguir. A primeira dificuldade &hellip;<\/p>\n","protected":false},"author":4,"featured_media":0,"parent":0,"menu_order":1,"comment_status":"closed","ping_status":"closed","template":"","meta":{"footnotes":""},"class_list":["post-946","page","type-page","status-publish","hentry"],"_links":{"self":[{"href":"https:\/\/www.cs5arla.pt\/site\/wp-json\/wp\/v2\/pages\/946","targetHints":{"allow":["GET"]}}],"collection":[{"href":"https:\/\/www.cs5arla.pt\/site\/wp-json\/wp\/v2\/pages"}],"about":[{"href":"https:\/\/www.cs5arla.pt\/site\/wp-json\/wp\/v2\/types\/page"}],"author":[{"embeddable":true,"href":"https:\/\/www.cs5arla.pt\/site\/wp-json\/wp\/v2\/users\/4"}],"replies":[{"embeddable":true,"href":"https:\/\/www.cs5arla.pt\/site\/wp-json\/wp\/v2\/comments?post=946"}],"version-history":[{"count":8,"href":"https:\/\/www.cs5arla.pt\/site\/wp-json\/wp\/v2\/pages\/946\/revisions"}],"predecessor-version":[{"id":1289,"href":"https:\/\/www.cs5arla.pt\/site\/wp-json\/wp\/v2\/pages\/946\/revisions\/1289"}],"wp:attachment":[{"href":"https:\/\/www.cs5arla.pt\/site\/wp-json\/wp\/v2\/media?parent=946"}],"curies":[{"name":"wp","href":"https:\/\/api.w.org\/{rel}","templated":true}]}}